at are the prime factors of 35874?
2, 3, 1993
List the prime factors of 98102.
2, 181, 271
What are the prime factors of 3690?
2, 3, 5, 41
What are the prime factors of 5361?
3, 1787
List the prime factors of 127.
127
What are the prime factors of 3604?
2, 17, 53
What are the prime factors of 1867?
1867
What are the prime factors of 25198?
2, 43, 293
What are the prime factors of 9136?
2, 571
List the prime factors of 13167.
3, 7, 11, 19
What are the prime factors of 2001?
3, 23, 29
What are the prime factors of 8098?
2, 4049
List the prime factors of 6279.
3, 7, 13, 23
What are the prime factors of 4170?
2, 3, 5, 139
List the prime factors of 38568.
2, 3, 1607
List the prime factors of 136.
2, 17
What are the prime factors of 64040?
2, 5, 1601
List the prime factors of 2401.
7
What are the prime factors of 13500?
2, 3, 5
What are the prime factors of 1815?
3, 5, 11
What are the prime factors of 1660?
2, 5, 83
What are the prime factors of 2084?
2, 521
List the prime factors of 22776.
2, 3, 13, 73
List the prime factors of 99992.
2, 29, 431
List the prime factors of 34958.
2, 7, 11, 227
What are the prime factors of 125799?
3, 19, 2207
List the prime factors of 189.
3, 7
List the prime factors of 1679.
23, 73
What are the prime factors of 100881?
3, 11, 1019
List the prime factors of 33897.
3, 11299
What are the prime factors of 727?
727
What are the prime factors of 769?
769
List the prime factors of 69672.
2, 3, 2903
List the prime factors of 1163.
1163
What are the prime factors of 1117?
1117
What are the prime factors of 38372?
2, 53, 181
What are the prime factors of 35324?
2, 8831
List the prime factors of 77092.
2, 19273
List the prime factors of 1787.
1787
What are the prime factors of 559?
13, 43
What are the prime factors of 5011?
5011
List the prime factors of 70099.
70099
List the prime factors of 2643.
3, 881
List the prime factors of 162432.
2, 3, 47
List the prime factors of 7954.
2, 41, 97
What are the prime factors of 20650?
2, 5, 7, 59
List the prime factors of 58621.
31, 61
What are the prime factors of 2310?
2, 3, 5, 7, 11
What are the prime factors of 1457?
31, 47
List the prime factors of 17139.
3, 29, 197
What are the prime factors of 227?
227
List the prime factors of 7799.
11, 709
List the prime factors of 60391.
131, 461
List the prime factors of 27200.
2, 5, 17
What are the prime factors of 116529?
3, 7, 31, 179
List the prime factors of 133300.
2, 5, 31, 43
What are the prime factors of 1548?
2, 3, 43
List the prime factors of 2491.
47, 53
List the prime factors of 65175.
3, 5, 11, 79
What are the prime factors of 40742?
2, 13, 1567
List the prime factors of 426.
2, 3, 71
List the prime factors of 1233.
3, 137
What are the prime factors of 3768?
2, 3, 157
What are the prime factors of 26466?
2, 3, 11, 401
What are the prime factors of 50630?
2, 5, 61, 83
What are the prime factors of 7716?
2, 3, 643
What are the prime factors of 10787?
7, 23, 67
What are the prime factors of 531?
3, 59
What are the prime factors of 711?
3, 79
What are the prime factors of 876?
2, 3, 73
List the prime factors of 3367.
7, 13, 37
What are the prime factors of 10703?
7, 11, 139
What are the prime factors of 663?
3, 13, 17
What are the prime factors of 3157?
7, 11, 41
List the prime factors of 29295.
3, 5, 7, 31
List the prime factors of 105336.
2, 3, 7, 11, 19
List the prime factors of 573.
3, 191
What are the prime factors of 8984?
2, 1123
What are the prime factors of 18296?
2, 2287
List the prime factors of 43763.
107, 409
List the prime factors of 238.
2, 7, 17
List the prime factors of 764.
2, 191
List the prime factors of 3377.
11, 307
List the prime factors of 16601.
13, 1277
What are the prime factors of 1354?
2, 677
What are the prime factors of 8062?
2, 29, 139
What are the prime factors of 2956?
2, 739
List the prime factors of 120.
2, 3, 5
List the prime factors of 9255.
3, 5, 617
What are the prime factors of 131547?
3, 13, 3373
What are the prime factors of 778?
2, 389
What are the prime factors of 69919?
29, 2411
What are the prime factors of 697?
17, 41
What are the prime factors of 3747?
3, 1249
List the prime factors of 14607.
3, 541
List the prime factors of 1391.
13, 107
What are the prime factors of 13203?
3, 163
List the prime factors of 238.
2, 7, 17
What are the prime factors of 6477?
3, 17, 127
What are the prime factors of 32689?
97, 337
List the prime factors of 37543.
11, 3413
List the prime factors of 2011.
2011
List the prime factors of 1760.
2, 5, 11
List the prime factors of 1005.
3, 5, 67
List the prime factors of 70642.
2, 11, 13, 19
What are the prime factors of 3630?
2, 3, 5, 11
What are the prime factors of 1381?
1381
What are the prime factors of 1116?
2, 3, 31
List the prime factors of 582.
2, 3, 97
List the prime factors of 1611.
3, 179
List the prime factors of 32783.
32783
What are the prime factors of 737?
11, 67
List the prime factors of 2737.
7, 17, 23
List the prime factors of 14741.
14741
List the prime factors of 1874.
2, 937
What are the prime factors of 233?
233
What are the prime factors of 780?
2, 3, 5, 13
List the prime factors of 18129.
3, 6043
What are the prime factors of 80?
2, 5
What are the prime factors of 809?
809
What are the prime factors of 35352?
2, 3, 491
List the prime factors of 11459.
7, 1637
List the prime factors of 8997.
3, 2999
What are the prime factors of 21954?
2, 3, 3659
List the prime factors of 485.
5, 97
List the prime factors of 24213.
3, 7, 1153
List the prime factors of 167.
167
List the prime factors of 5789.
7, 827
What are the prime factors of 18304?
2, 11, 13
What are the prime factors of 34246?
2, 17123
List the prime factors of 788.
2, 197
List the prime factors of 1119.
3, 373
List the prime factors of 1099.
7, 157
List the prime factors of 4254.
2, 3, 709
What are the prime factors of 47727?
3, 5303
What are the prime factors of 2854?
2, 1427
What are the prime factors of 924?
2, 3, 7, 11
List the prime factors of 2007.
3, 223
What are the prime factors of 2206?
2, 1103
What are the prime factors of 711?
3, 79
List the prime factors of 3197.
23, 139
What are the prime factors of 1098?
2, 3, 61
List the prime factors of 1561.
7, 223
List the prime factors of 8961.
3, 29, 103
What are the prime factors of 17256?
2, 3, 719
List the prime factors of 299.
13, 23
What are the prime factors of 47449?
23, 2063
List the prime factors of 11338.
2, 5669
What are the prime factors of 721?
7, 103
List the prime factors of 7727.
7727
List the prime factors of 1481.
1481
What are the prime factors of 24727?
79, 313
List the prime factors of 4277.
7, 13, 47
What are the prime factors of 3686?
2, 19, 97
What are the prime factors of 6011?
6011
List the prime factors of 28673.
53, 541
What are the prime factors of 146439?
3, 53, 307
What are the prime factors of 35456?
2, 277
What are the prime factors of 3161?
29, 109
What are the prime factors of 3807?
3, 47
What are the prime factors of 576?
2, 3
What are the prime factors of 1484?
2, 7, 53
What are the prime factors of 20005?
5, 4001
List the prime factors of 20610.
2, 3, 5, 229
What are the prime factors of 1687?
7, 241
What are the prime factors of 3937?
31, 127
List the prime factors of 2081.
2081
List the prime factors of 901.
17, 53
What are the prime factors of 4773?
3, 37, 43
What are the prime factors of 1643?
31, 53
List the prime factors of 1660.
2, 5, 83
What are the prime factors of 4657?
4657
What are the prime factors of 34482?
2, 3, 7, 821
List the prime factors of 613.
613
What are the prime factors of 28175?
5, 7, 23
What are the prime factors of 2729?
2729
List the prime factors of 637.
7, 13
What are the prime factors of 15167?
29, 523
List the prime factors of 2922.
2, 3, 487
List the prime factors of 3254.
2, 1627
List the prime factors of 36620.
2, 5, 1831
What are the prime factors of 32304?
2, 3, 673
What are the prime factors of 16428?
2, 3, 37
List the prime factors of 1758.
2, 3, 293
List the prime factors of 12002.
2, 17, 353
What are the prime factors of 2213?
2213
What are the prime factors of 31138?
2, 15569
What are the prime factors of 12408?
2, 3, 11, 47
What are the prime factors of 49740?
2, 3, 5, 829
What are the prime factors of 41644?
2, 29, 359
What are the prime fac